*x - 64 = -4*f, 4*x = f + 3 - 9. Let i = -4464 + 4500. What is the remainder when i is divided by f?
8
Suppose 4*w - 176 - 80 = 0. Let m = w - 49. Suppose 0*v + 30 = v + 2*a, 115 = 3*v + a. Calculate the remainder when v is divided by m.
10
Let u = -138 - -342. Calculate the remainder when u is divided by 71.
62
Let n(c) be the first derivative of c**4/4 - 7*c**3/3 - 7*c**2/2 - 8. Let j be n(8). What is the remainder when j/(-28) + 317/7 is divided by 12?
9
Suppose -h = -2*x, -x + 3*h - 2 = 4*x. Let v(m) be the first derivative of 5*m**3/3 - m**2 + 2*m + 6. What is the remainder when 35 is divided by v(x)?
17
Suppose -5*z = -2*z - 27. Let n(j) = -3*j**2 - 5*j - 16. Let f be n(-11). Calculate the remainder when 69 is divided by ((-2)/4)/(z/f).
15
Suppose t - 39 = l - 118, 3 = t. What is the remainder when l is divided by 22?
16
Let o(w) = w**2 - 9*w + 5. Let n(f) = -14*f - 14. Let u(a) = 5*a + 5. Let q(r) = -6*n(r) - 17*u(r). What is the remainder when o(9) is divided by q(-3)?
1
Let c be 0 - 8/(4 - 8). Calculate the remainder when -2*c/(-6)*96 is divided by 17.
13
Let k(l) = -18*l - 2. Let g = 26 - 16. Suppose g*f = 7*f + 54. Calculate the remainder when k(-2) is divided by f.
16
Suppose 5*r + 63 = 213. Suppose -5*y + 4*m + r = 0, -4*y + m = 6 - 30. What is the remainder when 17 is divided by y?
5
Suppose 0 = -3*f + 4*f - k - 12, 0 = -4*f + 5*k + 52. Let w(g) = g**2 - 6*g + 53. What is the remainder when w(4) is divided by f?
5
Suppose 3*h + 4 + 2 = 0. Let s(n) = -31*n - 5. Suppose 3*f = 5*z - 66, -2*z + 3*f + 4 = -17. What is the remainder when s(h) is divided by z?
12
Let d(i) = 2*i**2 - 2*i + 2. Let m be d(-11). Calculate the remainder when (-4)/(-50)*5 + m/10 is divided by ((-2)/3)/((-6)/63).
6
Let o = 273 + -264. Calculate the remainder when 52 is divided by o.
7
Calculate the remainder when 326 is divided by (-5 - -99)/((1 - 3)/(-1)).
44
Let r(t) = -t. Let d(b) = b**2 + 6*b - 4. Let x(k) = -d(k) - 2*r(k). Suppose -4*l + 4*o = -3*l + 3, 0 = 4*o. Calculate the remainder when 12 is divided by x(l).
5
Let f = -2 - -4. Suppose -4*q + f*r + 116 = 0, 3*q - 87 = -4*r - r. Calculate the remainder when (-16)/(-56) - (-1186)/14 is divided by q.
27
Let g = 1766 - 1723. Calculate the remainder when 163 is divided by g.
34
Suppose 0 = b - 4*b + 27. Suppose -8*a = -5*a - b. What is the remainder when (1/a)/(3/459) is divided by 26?
25
Let o(z) = -2*z**2 - 2*z - 3. Let d be o(-2). Let a(t) = 16 - 5*t + 17 + 20 - 44. What is the remainder when a(d) is divided by 16?
12
Let b = -1477 + 1536. Calculate the remainder when b is divided by (-12)/66 + 112/11.
9
Suppose 164*q - 162*q - 56 = 0. Let w = 38 - 22. Calculate the remainder when q is divided by w.
12
Calculate the remainder when 33 is divided by 4/14 + (-6 - (-206)/14).
6
Let j = -167 - -328. What is the remainder when j is divided by 27?
26
Suppose 2*l - 6 = -3*m, 0*m = 5*m. Suppose l = -p - 5*y, p + 0 = -3*y - 1. Calculate the remainder when 9 is divided by p.
1
Suppose 0 = -7*c + 608 - 125. Calculate the remainder when c is divided by 18.
15
Suppose 11*i = 1414 + 995. What is the remainder when i is divided by 56?
51
Calculate the remainder when 320 is divided by 4*261/12 + 14 + -9.
44
Suppose 2*m - 472 = -2*o, -4*m + 587 = 3*o - 124. Calculate the remainder when o is divided by 58.
1
Suppose -g = 13*g - 1666. Let p be 1/((-1)/(-2)) + 85. Suppose 5*m - 120 = -4*j, 4*j - 2*m - 33 = p. Calculate the remainder when g is divided by j.
29
Suppose -3*n - 5*a + 310 = 0, 5*n - 18*a - 510 = -23*a. Let z = 4 + 13. Calculate the remainder when n is divided by z.
15
Suppose -5*k - 156 = -2*c, -5*c - 55 = 3*k + 20. What is the remainder when k/165 - (-3)/((-66)/(-356)) is divided by 6?
4
Let j = 7 - 2. Suppose 2*h - 17 - 32 = -x, -h + 52 = -j*x. What is the remainder when h is divided by 12/((-2)/(-2)) + -2?
7
Let a be ((-48)/(-28))/(1/7). Let j = a - -4. Calculate the remainder when 44 is divided by j.
12
Let i be (-3 - -37)/(2 + 0). Suppose 14*v - i*v = -18. Calculate the remainder when 22 is divided by v.
4
Let o = -1575 + 1603. Calculate the remainder when 717 is divided by o.
17
Suppose 3*k - k - 90 = 0. Let v(b) = -7. Let i(t) = t. Let g(p) = -4*i(p) - v(p). Calculate the remainder when k is divided by g(-4).
22
Suppose 0 = 2*c - 94 - 0. What is the remainder when c is divided by 7?
5
Let p(m) = m**3 + 22*m**2 - 28*m + 73. What is the remainder when p(-23) is divided by 19?
17
Let n be (-19)/(-4) - 2/(-8). Suppose -3*s + 27 + 11 = 5*v, 3*v - 26 = -n*s. Let r = v - 5. Calculate the remainder when 2 is divided by r.
0
Let k(s) = -141*s**3 + 2*s**2 + s. Let q = -55 - -54. What is the remainder when k(q) is divided by 16?
14
Suppose 21*i - 15*i - 156 = 0. Calculate the remainder when 77 is divided by i.
25
Let b = -396 - -439. Calculate the remainder when b is divided by 5.
3
Suppose 0 = -0*r + 4*r - 2*j - 304, 0 = -5*r + j + 377. Suppose -16*x + 11*x = -r. Calculate the remainder when 207 is divided by x.
12
Let j = 803 + -788. What is the remainder when 30 is divided by j?
0
Let t = 28 + -2. Suppose -5*l + 52 = 4*v, -t = -2*v - 3*l - 0*l. Calculate the remainder when 38 is divided by v.
12
Calculate the remainder when 13 is divided by (6 - (-36)/(-9))*6/2.
1
Suppose -b + 5 = v, 4*v - 1 = 15. Suppose -20 = 2*z - 5*o + 3, 5*o - 29 = -4*z. Calculate the remainder when b is divided by 4*(10/8 - z).
0
Let f = -41 + 44. Suppose -f*u = 4*i - 344, -86 = 5*i - 6*i - 2*u. What is the remainder when i is divided by 22?
20
Let h = -34 - -83. Let c = -3 - -29. Calculate the remainder when h is divided by c.
23
Suppose -2*l = 3*m - 5*l - 39, -4*m - 5*l + 34 = 0. Suppose 0*k - k = -120. What is the remainder when k is divided by m?
10
Suppose -4*t + 2*t + 20 = 0. Let b(l) = 2*l - 10. Calculate the remainder when b(t) is divided by 6/3 - 2 - -6.
4
Suppose k = 5*c - 276, 5*c - 5*k + 142 = 422. Calculate the remainder when (814/c)/((-2)/(-5)) is divided by 19.
18
Let c(i) = i - 30. Let k be c(14). Let g = -16 - k. Suppose g*z + 130 = 5*z. What is the remainder when z is divided by 7?
5
Let j be 22/12 - 7/(-42). What is the remainder when 42 is divided by -5*j/(-20)*44?
20
Let v = 97 + -60. Calculate the remainder when 516 is divided by v.
35
Let b(d) = 3*d**3 + 2*d**2 + 2*d + 6. Calculate the remainder when b(3) is divided by 28.
27
Suppose 2*f - 12 = -3*x + 45, -f + 21 = 4*x. What is the remainder when (-2 - f)*(-18)/45 is divided by 8?
6
Suppose 0 = 7*d - 6*d - 55. Let k = d - 48. What is the remainder when 18 is divided by k?
4
Let p = 8 - 5. Suppose 0 = 4*j - k - 240, -5*j = -4*k - 52 - 248. Suppose -j = -5*d - 5*y, -4*d + 38 + 8 = 2*y. Calculate the remainder when d is divided by p.
2
Let f be 18/(-30) - (-72)/(-5). What is the remainder when 35 is divided by (69/115)/((-1)/f)?
8
Suppose 9 = -4*d + 53. Suppose -2*f + 6 = 2. What is the remainder when f/(-2) - -33 - 0 is divided by d?
10
Suppose -3*j = -0*j. Suppose j = -5*p - 37 + 242. Let m(n) = -4*n - 1. What is the remainder when p is divided by m(-3)?
8
Let i = -1 + 3. Suppose 2*k + 77 = 307. Suppose k - 11 = i*s. Calculate the remainder when s is divided by 14.
10
Let b = -72 + 119. What is the remainder when b is divided by 10?
7
Suppose -17 = 4*n - 17. Let q(h) = h**3 - 5*h**2 + 4*h + 4. Let m be q(4). Suppose 0*b + m*b - 72 = n. Calculate the remainder when 34 is divided by b.
16
Let l(d) = d**2 - 3*d + 5. Let u be l(2). Let i(y) = y**3 - 2*y**2 + y + 5. Calculate the remainder when 47 is divided by i(u).
13
Let d = -8 - -6. Let j(m) = -19*m - 1. Let k = -22307 - -22321. What is the remainder when j(d) is divided by k?
9
Suppose -1056 = 34*b - 36*b - 5*w, 5*w + 20 = 0. What is the remainder when b is divided by 49?
48
Suppose 3*p - 8*p = 620. Let d = 0 - p. Suppose -113 = -2*r - 2*r - 5*b, 2*b - 154 = -5*r. Calculate the remainder when d is divided by r.
28
Suppose -w = 4*w - 15. Suppose 1 = 2*n - 1, -5*n + 41 = w*s. Let x = -43 + 76. Calculate the remainder when x is divided by s.
9
Let p = -23 - -54. Suppose 0 = -0*o - 2*o + 118. Calculate the remainder when o is divided by p.
28
Let m(l) = l**2 + 2*l + 7. Suppose 0 = -8*k + 13*k - 30. Suppose k*q - 40 = q. Calculate the remainder when m(-5) is divided by q.
6
Let o(c) = 4*c**3 - 2*c**2 + 2*c + 2. Let i b